-11*q + 36. Give d(3).
3
Let d(f) = -f**3 + 4*f**2 - 5*f + 4. Calculate d(3).
-2
Let a(d) = -19*d - 102. Determine a(-4).
-26
Let d(z) = -38*z - 125. What is d(-4)?
27
Let j(o) = -2*o**2 - 40*o - 177. What is j(-10)?
23
Let z(v) = v**3 - 5*v**2 + 4*v + 7. Determine z(5).
27
Let s(o) = 7*o**3 + 3*o + 1. Calculate s(-2).
-61
Let h(z) = -22*z**2 + 3*z - 4. Calculate h(2).
-86
Let b(p) = 16*p**3 - 2*p**2 - 2*p - 1. Calculate b(-1).
-17
Let d(j) = -j**3 + 30*j**2 - 213*j - 27. Give d(12).
9
Let t(v) = v**2 - 5*v - 7. What is t(7)?
7
Let s(d) = 3*d - 23. What is s(5)?
-8
Let c(t) = t**3 + 22*t**2 - 27*t - 87. Determine c(-23).
5
Let y(f) = -2*f + 10. Calculate y(7).
-4
Let r(l) = l**3 + l**2 - 4*l + 3. Determine r(0).
3
Let t(u) = -20*u - 8. What is t(-4)?
72
Let h(t) = t - 4. Give h(8).
4
Let w(l) = 12*l + 277. What is w(-23)?
1
Let x(f) = f**2 + 6*f - 7. Calculate x(-6).
-7
Let w(u) = -7*u + 55. Determine w(14).
-43
Let c(u) = 4*u**2 + 23*u + 10. Calculate c(-5).
-5
Let u(x) = -5*x**2 + x + 5. Determine u(3).
-37
Let l(m) = -m**2 - m - 2. What is l(0)?
-2
Let m(y) = -y**3 - 14*y**2 + 52*y + 10. Determine m(-17).
-7
Let r(h) = -h**2 - 14*h + 35. Determine r(-8).
83
Let x(q) = -15*q + 15. Calculate x(0).
15
Let l(n) = -5*n - 181. Calculate l(-36).
-1
Let z(g) = -g**2 - 35*g - 30. What is z(-34)?
4
Let j(d) = d**3 - 18*d**2 - 2*d + 31. Give j(18).
-5
Let b(h) = -h - 8. Determine b(7).
-15
Let d(y) = -y + 11. Give d(9).
2
Let f(h) = -7*h - 31. Determine f(-12).
53
Let v(h) = 3*h**2 - 2*h - 1. What is v(-1)?
4
Let h(g) = g**3 - 11*g**2 + 8*g + 33. Give h(10).
13
Let f(k) = 2*k**3 + 3*k**2 - 3*k + 9. Calculate f(-5).
-151
Let l(d) = -d + 7. Determine l(-5).
12
Let o(r) = -r - 13. What is o(-14)?
1
Let m(r) = 2*r - 44. Determine m(27).
10
Let x(b) = b**2 - 2*b. Calculate x(4).
8
Let y(s) = -s**2 - 12*s - 9. Give y(-11).
2
Let d(q) = q**2 + 7*q - 3. Determine d(-4).
-15
Let o(g) = -2*g**3 + 9*g**2 + 4*g - 7. Calculate o(4).
25
Let j(o) = o**2 - 32*o - 713. Calculate j(47).
-8
Let h(a) = -2*a**2 - 6*a + 13. Determine h(-5).
-7
Let u(f) = -f**2 - 13*f - 7. What is u(-15)?
-37
Let d(w) = w**2 + 5*w + 1. Give d(-6).
7
Let v(t) = 5*t - 90. Calculate v(20).
10
Let l(y) = -2*y**3 + 8*y**2 - 5*y - 3. Determine l(3).
0
Let g(i) = -2*i - 2. Determine g(-2).
2
Let b(u) = 2*u**2 - 33*u + 37. Determine b(15).
-8
Let o(v) = 10*v + 28. Determine o(-3).
-2
Let z(s) = -2*s + 7. Give z(5).
-3
Let i(q) = -q**3 - 4*q**2 - 8*q - 11. Give i(-2).
-3
Let o(y) = -2*y + 18. Give o(8).
2
Let s(o) = o**2 - 27*o + 108. Calculate s(5).
-2
Let t(a) = 4*a + 6. What is t(-8)?
-26
Let q(x) = x**3 + 20*x**2 + 37*x + 35. Give q(-18).
17
Let d(w) = -w + 11. What is d(10)?
1
Let q(u) = -2*u + 18. What is q(10)?
-2
Let u(v) = -2*v**2 - 22*v - 62. Give u(-6).
-2
Let h(b) = -3*b - 5. Determine h(-2).
1
Let k(f) = -f**3 + f**2 + f + 28. Determine k(0).
28
Let f(c) = 2*c**2 - 2*c + 2. Calculate f(1).
2
Let p(a) = a**2 + 11*a - 3. Calculate p(-12).
9
Let p(x) = -5*x**3 - 3*x**2 - x + 2. What is p(-2)?
32
Let b(j) = -7*j - 100. Determine b(-17).
19
Let k(x) = 12*x - 1. Give k(-1).
-13
Let n(u) = u**2 - 21*u - 9. Determine n(22).
13
Let d(t) = 2*t**2 - 5*t + 6. Determine d(2).
4
Let c(v) = 3*v - 38. Give c(11).
-5
Let g(w) = -5*w + 20. Determine g(8).
-20
Let g(z) = -z**3 - 12*z**2 + 10*z - 33. Give g(-13).
6
Let g(j) = j**2 - 11*j + 11. Give g(11).
11
Let r(x) = -7*x + 13. Calculate r(9).
-50
Let j(g) = g**3 + 38*g**2 + 37*g - 4. What is j(-37)?
-4
Let f(k) = -k**3 - 20*k**2 - 4*k - 69. Determine f(-20).
11
Let j(c) = -c**3 + 4*c**2 - c + 5. What is j(4)?
1
Let l(d) = -d**3 + 49*d**2 + 47*d + 145. What is l(50)?
-5
Let b(a) = 9*a - 14. What is b(-6)?
-68
Let c(w) = 3*w - 2. Determine c(1).
1
Let m(y) = -y**2 + 19*y - 19. What is m(13)?
59
Let z(i) = i**3 + 2*i**2 + 2*i + 3. Give z(-3).
-12
Let h(i) = -2*i + 10. Determine h(5).
0
Let g(r) = -2*r + 14. What is g(-6)?
26
Let y(f) = f**2 - 4*f + 3. Determine y(-4).
35
Let n(x) = 7*x**2 + 3*x + 3. Determine n(-2).
25
Let l(v) = 5*v**2 + 29*v + 27. Give l(-4).
-9
Let q(u) = u**3 + 6*u**2 - 10. What is q(-6)?
-10
Let j(r) = -r**3 + 8*r**2 - 7*r - 7. Give j(6).
23
Let q(w) = 17*w + 16. Determine q(-5).
-69
Let d(j) = j**3 - 7*j**2 + 2*j - 6. Give d(6).
-30
Let y(m) = -4*m**2 + 4. Give y(-2).
-12
Let y(u) = -u**2 - 7*u - 4. Give y(-5).
6
Let l(c) = -2*c**3 - 16*c**2 - c - 7. Determine l(-8).
1
Let r(a) = -a**2 - 3*a - 32. Calculate r(0).
-32
Let z(a) = -a**3 + 3*a**2 - 13*a - 33. What is z(-2)?
13
Let h(v) = -7*v + 4. Determine h(2).
-10
Let n(o) = -o**3 - 9*o**2 - 19*o - 30. Give n(-7).
5
Let b(l) = -l**3 - 19*l**2 - 12*l - 1. What is b(-18)?
-109
Let m(f) = -f**3 - 7*f**2 - 15*f - 4. What is m(-6)?
50
Let v(q) = 4*q - 49. Calculate v(10).
-9
Let f(n) = -n**2 - 3*n + 2. What is f(-8)?
-38
Let n(w) = 10*w + 46. Determine n(-5).
-4
Let k(z) = 2*z**3 + 15*z**2 + 6*z - 13. Give k(-7).
-6
Let h(m) = m + 4. Give h(-4).
0
Let p(i) = -42*i + 9. What is p(1)?
-33
Let g(v) = -v**3 - 2*v**2 + 6*v - 5. Determine g(3).
-32
Let n(r) = r**2 - 4*r - 8. Give n(-2).
4
Let n(f) = -f**2 - 5*f - 5. Give n(-5).
-5
Let x(t) = t**2 + 12*t + 5. Calculate x(-10).
-15
Let k(j) = j**3 - 31*j**2 + 85*j - 37. Calculate k(28).
-9
Let c(q) = 4*q**2 - 2*q - 2. What is c(2)?
10
Let n(v) = v**2 - 17*v + 20. What is n(15)?
-10
Let w(c) = -17*c + 114. What is w(8)?
-22
Let u(z) = z**3 + 19*z**2 + 37*z + 46. What is u(-17)?
-5
Let k(s) = 14*s - 86. Determine k(6).
-2
Let i(g) = -g**3 - 2*g - 1. Determine i(4).
-73
Let n(c) = c**3 - 8*c**2 + 2*c - 2. Determine n(8).
14
Let k(v) = 2*v - 3. Give k(-2).
-7
Let s(b) = 20*b + 107. What is s(-5)?
7
Let g(o) = o**2 + 2*o + 4. Determine g(-6).
28
Let q(r) = 2*r**2 + 5*r - 2. Determine q(-4).
10
Let f(n) = n**3 - n - 4. Give f(0).
-4
Let z(d) = d**2 + 8*d + 7. Calculate z(-9).
16
Let g(d) = 3*d**3 - 16*d**2 + 6*d - 4. What is g(5)?
1
Let s(f) = f - 16. Determine s(22).
6
Let r(x) = -13*x - 1. Calculate r(2).
-27
Let p(y) = 15*y - 42. Calculate p(10).
108
Let h(j) = -j**3 - 5*j**2 + 11*j + 4. Calculate h(-6).
-26
Let n(i) = -i**3 + 19*i**2 + 19*i - 7. What is n(20)?
-27
Let p(x) = x**3 + 5*x**2 - 14*x - 2. Determine p(-7).
-2
Let x(u) = 12*u + 10. Give x(7).
94
Let m(b) = b**2 - 6*b + 9. What is m(5)?
4
Let i(q) = q + 1. Give i(-4).
-3
Let n(p) = -27*p**2 - p - 1. Determine n(-1).
-27
Let c(b) = -99*b + 92. Determine c(1).
-7
Let l(u) = -u**3 - 7*u**2 - 15*u - 6. Determine l(-5).
19
Let i(h) = -2*h - 14. What is i(12)?
-38
Let x(h) = h**3 - h - 5. Determine x(0).
-5
Let w(v) = v**2 + 6*v + 7. Determine w(-9).
34
Let w(f) = -f**2 + 27*f - 120. What is w(5)?
-10
Let z(t) = -198*t - 8. Determine z(1).
-206
Let k(r) = -r**2 - 17*r - 32. Calculate k(-13).
20
Let c(z) = -20*z - 5. Give c(-2).
35
Let o(k) = 5*k - 25. Calculate o(8).
15
Let j(m) = -3*m**2 + 11*m + 17. Determine j(-4).
-75
Let s(z) = -z**3 - 12*z**2 - 11*z - 7. Determine s(-11).
-7
Let l(a) = -2*a**3 - 6*a**2 + 4*a + 4. What is l(-3)?
-8
Let l(s) = -s**3 + 6*s**2 - 3*s + 39. Determine l(6).
21
Let h(f) = 3*f**2 - 2*f + 1. Give h(1).
2
Let w(m) = -m**3 - 16*m**2 - m - 10. What is w(-16)?
6
Let m(c) = -c**3 + 2*c**2 + 4*c + 7. Determine m(-3).
40
Let j(m) = 3*m**2 - 8*m - 5. Give j(5).
30
Let k(r) = -r**2 - 10*r - 16. What is k(-5)?
9
Let v(n) = n**3 + 4*n**2 + 13*n + 4. What is v(-2)?
-14
Let y(d) = -12*d**2 + 10*d + 18. Determine y(-3).
-120
Let v(o) = o**2 - 8*o + 58. Determine v(6).
46
Let t(j) = -j**2 - 4. What is t(2)?
-8
Let r(k) = -k**2 + k - 5. What is r(0)?
-5
Let r(k) = k**3 + 5*k**2 + 7*k + 7. Give r(-5).
-28
Let h(l) = -l**3 - 12*l**2 - 8*l - 16. What is h(-11)?
-49
Let j(c) = c**3 - 6*c**2 - 15*c. Calculate j(8).
8
Let s(l) = l**2 + 4*l - 6. Calculate s(-6).
6
Let u(l) = -2*l**3 + 12*l**2 - 5*l - 5. What is u(6)?
-35
Let b(z) = z**3 - 5*z**2. Calculate b(5).
0
Let x(l) = 4*l**3 + 2*l**2 + 2*l - 2. Give x(2).
42
Let y(s) = -2*s - 16. Give y(-8).
0
Let t(d) = 19*d + 97. What is t(-3)?
40
Let r(m) = -2*m - 14. Determine r(-7).
0
Let s(j) = j**3 - 5*j**2 - 9*j - 7. Calculate s(7).
28
Let n(u) = -u**3 + 9*u**2 - 14*u + 60. Calculate n(8).
12
Let x(h) = -h**2 - 18*h - 9. What is x(-17)?
8
Let a(j) = -j**2 + 32*j - 80. Calculate a(24).
112
Let k(f) = -29*f - 3. Determine k(0).
-3
Let y(r